2 + -136a?
-1228
In base 3, what is -221001 - 22110?
-1020111
In base 13, what is 372b - 22?
3709
In base 9, what is -61 + 28?
-32
In base 16, what is 6af + 6?
6b5
In base 9, what is 143 - 1077?
-834
In base 13, what is 474 + 361?
805
In base 12, what is 16 - 8a8?
-892
In base 11, what is 3 - 1a0?
-198
In base 8, what is 42 + 7521?
7563
In base 13, what is 4a4 - 9?
498
In base 9, what is -163244 - 2?
-163246
In base 7, what is 320 - 340?
-20
In base 13, what is -883167 - -3?
-883164
In base 15, what is 2 + -6b411?
-6b40e
In base 15, what is 1e546b - -3?
1e546e
In base 5, what is -1211313 - -334?
-1210424
In base 5, what is 122 + 311?
433
In base 5, what is -2014313 + -210?
-2020023
In base 14, what is d + b3d?
b4c
In base 15, what is 127e + -2e?
1250
In base 9, what is 114 - 558?
-444
In base 6, what is 20 + -401150?
-401130
In base 9, what is 138 + 312?
451
In base 8, what is -331 + 12641?
12310
In base 4, what is 10002 + 1220?
11222
In base 6, what is 11 - 1255442?
-1255431
In base 13, what is 36806 - -b?
36814
In base 5, what is -13 + -1031013?
-1031031
In base 10, what is -2 - 165185?
-165187
In base 5, what is 2130322 - 1?
2130321
In base 5, what is -302240 - 10?
-302300
In base 15, what is -d9b - 5?
-da1
In base 11, what is 26557 + -5?
26552
In base 13, what is 0 + -123855?
-123855
In base 14, what is -a + -17b6?
-17c2
In base 5, what is 1033214 - 243?
1032421
In base 5, what is 1101 + 24234?
30340
In base 10, what is 114445 - 6?
114439
In base 8, what is -426 - -1416?
770
In base 11, what is -13 + -10857?
-1086a
In base 14, what is -1dc - -ba?
-122
In base 10, what is -4551 + -2?
-4553
In base 7, what is -2054 - -15416?
13332
In base 7, what is -25016 - 6?
-25025
In base 3, what is 11 + -222002000?
-222001212
In base 15, what is 13713 - c?
13706
In base 2, what is 10100000101 - -10100?
10100011001
In base 12, what is -2 - 13b70?
-13b72
In base 12, what is 989a6 + -2?
989a4
In base 8, what is 0 - -5032?
5032
In base 4, what is -1310302 - -21330?
-1222312
In base 4, what is 33 - -113330212?
113330311
In base 11, what is 3 - 7a4?
-7a1
In base 9, what is -11080 + 6?
-11073
In base 16, what is -4ca - -67?
-463
In base 4, what is 10 + -3120212?
-3120202
In base 13, what is -2319a + -4?
-231a1
In base 16, what is 2442 - 18?
242a
In base 4, what is -1012000 + -101?
-1012101
In base 6, what is -1302245 + -1?
-1302250
In base 3, what is -2 - -11100122021?
11100122012
In base 7, what is -52601 + 2?
-52566
In base 9, what is 184 - -6544?
6738
In base 15, what is -21c + -277?
-494
In base 2, what is -11110 - 10100100011111?
-10100100111101
In base 3, what is -12121021010 - 1?
-12121021011
In base 11, what is 6262 + 257?
6509
In base 5, what is -24033 - 400?
-24433
In base 16, what is -522e8e + -3?
-522e91
In base 9, what is 8 - -6111?
6120
In base 3, what is 200110000112 - 0?
200110000112
In base 12, what is 10a5 + 38?
1121
In base 8, what is -111 + 1230?
1117
In base 2, what is -100001 - -1010000011?
1001100010
In base 11, what is 1801a - 5?
18015
In base 4, what is 22 - -31212?
31300
In base 3, what is -1222212100 + -10122?
-1222222222
In base 3, what is 201220112 + -21222?
201121120
In base 9, what is -4272 - 5?
-4277
In base 5, what is -2424 + -40?
-3014
In base 16, what is 6e1 + -2f3?
3ee
In base 3, what is 11222 + 2111211?
2200210
In base 9, what is -30 - 2802?
-2832
In base 6, what is -145 - 2211?
-2400
In base 11, what is -4057a - 4?
-40583
In base 5, what is 3003134 - -42?
3003231
In base 6, what is -415 - 1115?
-1534
In base 11, what is 2036 + -2a4?
1842
In base 12, what is -6445 + 6?
-643b
In base 5, what is 10321 - -134012?
144333
In base 4, what is -1303102112 + 11?
-1303102101
In base 11, what is 3 + -42a672?
-42a66a
In base 11, what is -499 + -760?
-1149
In base 11, what is -2 - -1127a6?
1127a4
In base 5, what is 3443 - -4003?
13001
In base 11, what is -4 - -82a914?
82a910
In base 3, what is -111 - -210221122?
210221011
In base 6, what is -23443 - 10?
-23453
In base 8, what is 2652 + -42?
2610
In base 12, what is 327 + a?
335
In base 2, what is 11001000001011010 + 10?
11001000001011100
In base 14, what is -1d9b1 - -6?
-1d9a9
In base 4, what is -1313 + -32?
-2011
In base 6, what is 32415320 + 1?
32415321
In base 4, what is 22020222 - 232?
22013330
In base 16, what is 2e3 - 5d9?
-2f6
In base 11, what is 40 - 9a82?
-9a42
In base 10, what is 3 - 43471?
-43468
In base 9, what is 0 + 4805?
4805
In base 15, what is -14a + 211?
b6
In base 11, what is 4 + -12303?
-122aa
In base 2, what is 110 + 1011010101001110111?
1011010101001111101
In base 2, what is -1000 + -1000111111111001?
-1001000000000001
In base 4, what is -130032 - -1121?
-122311
In base 6, what is 335 + -25?
310
In base 2, what is 1010111 + -101100111101?
-101011100110
In base 8, what is 46 + 4755?
5023
In base 13, what is -18b5 + 1b?
-1897
In base 2, what is 1110101011 - -1101111?
10000011010
In base 16, what is d - -2ae0?
2aed
In base 2, what is -10011101001100 - -110?
-10011101000110
In base 11, what is 1 - 9370?
-936a
In base 16, what is -18 + -10?
-28
In base 11, what is -237012 - 1?
-237013
In base 7, what is -11004 - -100?
-10604
In base 2, what is -10 + 1110010011010100101?
1110010011010100011
In base 4, what is -31221 - 2301?
-100122
In base 4, what is 3 - 1113231333?
-1113231330
In base 8, what is 33 - -10613?
10646
In base 12, what is -75 + -249?
-302
In base 6, what is 10 + 555154?
555204
In base 13, what is -229 + 2318?
20bc
In base 10, what is -1497003 + 1?
-1497002
In base 2, what is -1011 - -1000101010?
1000011111
In base 9, what is 30253 - 3?
30250
In base 14, what is 5 + 29abc7?
29abcc
In base 7, what is -604 - 40312?
-41216
In base 4, what is 3 + 201333133?
201333202
In base 12, what is b5b09 - -2?
b5b0b
In base 3, what is -12212000200 + 11?
-12212000112
In base 11, what is -499549 + -2?
-499550
In base 15, what is 19b + -1b3?
-17
In base 7, what is 4 + -10154623?
-10154616
In base 5, what is -213341 + -11?
-213402
In base 13, what is -39 + 167?
12b
In base 14, what is 2 - -17a6?
17a8
In base 13, what is -98 + 2c83?
2bb8
In base 14, what is -2d1a7 - -3?
-2d1a4
In base 16, what is -43a - -32e?
-10c
In base 7, what is 5 - -525100?
525105
In base 14, what is 2 + 18ca6?
18ca8
In base 7, what is -2451202 - -2?
-2451200
In base 3, what is -2122112 - 21100?
-2220212
In base 16, what is 27 - -307?
32e
In base 5, what is 4 - 410012?
-410003
In base 16, what is -1 - 25aa3?
-25aa4
In base 10, what is 245 + 2924?
3169
In base 4, what is -1030023 - 23?
-1030112
In base 16, what is -9597 + -4?
-959b
In base 10, what is -5 - -222182?
222177
In base 12, what is 86 + 2252?
2318
In base 6, what is 30 - -103150?
103220
In base 14, what is -1b8563 - -1?
-1b8562
In base 15, what is -1 - 39d9e?
-39da0
In base 10, what is 3378 + -9?
3369
In base 12, what is 4 + -15a20b?
-15a207
In base 13, what is -4 + 24a3b6?
24a3b2
In base 6, what is 0 - 4414530?
-4414530
In base 13, what is 943 - -c?
952
In base 7, what is 164350 - 51?
164266
In base 5, what is -10 + 3421014?
3421004
In base 9, what is -156430 + -22?
-156452
In base 16, what is -8b - -111?
86
In base 2, what is 10111 - -101010011100101?
101010011111100
In base 12, what is 2 - -20a3?
20a5
In base 4, what is -3100 + -22202?
-31302
In base 16, what is 142b6 + -1c?
1429a
In base 8, what is -245406 + -5?
-245413
In base 3, what is 121 + -102100?
-101202
In base 15, what is -3 + -12b2?
-12b5
In base 8, what is 41 + 1756?
2017
In base 15, what is 18 - -2b0?
2c8
In base 6, what is 4235 + 1121?
5400
In base 16, what is 5 - -143e1?
143e6
In base 8, what is 0 + -1333?
-1333
In base 15, what is 1ae + 184?
343
In base 7, what is -6 + 122361?
122352
In base 4, what is 3231 + 12220?
22111
In base 11, what is 9464 - 3?
9461
In base 8, what is 426537 + 4?
426543
In base 8, what is -46017 - -5?
-46012
In base 9, what is -71 - 30240?
-30321
In base 10, what is -1 - -46560?
46559
In base 6, what is 25 - 410121?
-410052
In base 9, what is -8558 + 11?
-8547
In base 8, what is 104 + -26647?
-26543
In base 6, what is 502 - -2?
504
In base 11, what is -7aa7 - -4?
-7aa3
In base 2, what is 100 - -10001101101110011100?
10001101101110100000
In base 10, what is -52 - -28231?
28179
In base 13, what is 75182 + 2?
75184
In base 15, what is -88 + 14b99?
14b11
I